me?
False
Let b = -46883 + 113550. Is b prime?
False
Suppose -3917*g = -3828*g - 44777413. Is g composite?
True
Let d(p) = -p**2 + 29*p + 4. Let m be d(29). Let s(o) = 19 + 3 + m + 1 - 259*o. Is s(-8) a prime number?
True
Let y(f) = f**2 + f - 1. Let i(m) = -490*m + 7 + 26 + 472*m - 24*m**2. Let v(k) = -i(k) - 6*y(k). Is v(10) composite?
True
Let o be 4 + -7 + 1232764*1. Suppose o = 2*g + 27*g. Is g a prime number?
True
Let m(h) = 13*h**2 + 23*h + 22. Let i be m(-1). Is 760 - (-3 + 2) - (-9 + i) prime?
False
Suppose -2*f = -0*f + 2. Let o be (-630)/180 - 12/(-8). Is 1174*((-3)/o + f) composite?
False
Suppose 0*z + 38780 = -5*z - 5*l, -z + 2*l = 7756. Is -5*5/(-25)*-3 - z prime?
True
Let c(p) = 20622*p - 263. Is c(2) composite?
True
Is (-13)/(-52) - (-2391507)/36 prime?
True
Let d be (-489)/(9/(-6)*1). Suppose -4*h - 127 + 459 = 0. Suppose d = y - h. Is y a composite number?
False
Suppose -6*o + 3*o = -765. Suppose l + 1321 = 5*k, -4*l + 801 = 2*k + o. Suppose -3*v + 809 = -k. Is v a prime number?
False
Let v(j) be the third derivative of 7*j**5/60 - j**4/24 + 7*j**3/6 + j**2 + 426. Let b be (-20)/(-2) + 3/(-3). Is v(b) a prime number?
False
Let t = -209 - -213. Suppose t*j + 4592 - 16588 = 0. Is j a composite number?
False
Let i be (6530/(-4) + 18/(-6))*-2. Suppose -3*a = -4*b + 3078, 4*a + b + i = -814. Is (a/1)/(34/(-17)) a prime number?
False
Let h(w) = 78*w**3 - 23*w**2 + 37*w - 73. Is h(17) prime?
True
Let k(j) = 2*j - 21. Let w be k(19). Suppose 0 = 13*u - w*u + 16. Suppose -y - y - 1044 = -u*q, -q + 263 = -y. Is q a prime number?
False
Suppose 6*d - 3*d = -2*u + 10, 0 = 4*d + 5*u - 18. Suppose -2*f + d = -0*f. Is f*(125 + 0) - 2*-1 a composite number?
False
Suppose 383*v + 4964709 = 81231116. Is v prime?
False
Let y(c) = -c**2 + 6. Let m be y(2). Suppose -m*d - 12 = -4*d. Let a = d + 73. Is a a prime number?
True
Let o be 2 + (-12)/15 + (-292365)/75. Is 16*5/20 - o composite?
True
Suppose -5*n = -204766 - 861729. Is n prime?
False
Let s be (18 - 19)*348/(1 + 1). Let p = 251 + s. Suppose -5*v + 108 = -p. Is v composite?
False
Suppose 4*x = -5*q - 449, 2*x + 0*x + 220 = -4*q. Let r = 125 + x. Is (-5795)/(-3) - 6/r a composite number?
False
Suppose -6*o = 13 - 1. Let t be (4 - (68 - -2))/o. Let u = -2 + t. Is u prime?
True
Let n(t) = 69*t**2 - 4*t - 2. Let b(y) = y**3 - 7*y**2 + 6*y + 3. Let d be b(6). Let z be n(d). Let m = z + -110. Is m prime?
False
Let d(s) = s**2 + 954*s - 1899*s + 4938*s**3 - 10 + 953*s. Is d(1) composite?
False
Suppose 3887 = 5*y + 722. Let q be (-4)/(-6) - ((-8924)/6 - -2). Let b = q - y. Is b prime?
True
Let l = -81 - -74. Let z(u) = 67*u**2 + 11*u + 22. Let n be z(l). Let b = n + -1837. Is b composite?
True
Let m(r) be the third derivative of r**6/120 + r**5/60 + r**4/6 - 3*r**3/2 - 6*r**2. Let g = 488 + -482. Is m(g) a prime number?
False
Let j(v) = 41*v**2 - 20*v - 134. Is j(-21) a prime number?
True
Let u = -54 + 55. Let q(p) = -p - 1. Let r(j) = 20*j**2 + 4*j + 31. Let d(s) = u*r(s) + 6*q(s). Is d(10) prime?
False
Suppose 50*j - 39*j - 33 = 0. Suppose n - 602 = -j*l + 4473, l + 4 = 0. Is n composite?
False
Suppose 12*r - 31*r = -893. Suppose r*p - 20245 = 42*p. Is p a composite number?
False
Let w = -56005 + 128724. Is w a prime number?
True
Let h = -40 - -43. Let k be ((-1245)/35 + h)/((-6)/525). Let i = k - 1451. Is i a composite number?
False
Let y = 66150 - -98527. Is y composite?
False
Let l = -8 + 30. Suppose -4 + l = 2*g + 4*y, 0 = 3*g + y - 12. Suppose v - g*u - 1365 = 179, 4*v - 4*u = 6152. Is v prime?
False
Is (17543/106)/((-3)/(-402) + 0) a composite number?
True
Let f = 103588 - 20481. Is f composite?
True
Suppose -4*s + 3*s + 12 = 0. Suppose k - 49*c + 47*c - 10 = 0, k = -4*c - 20. Suppose 9*p - s*p + 2991 = k. Is p a composite number?
False
Suppose -149628 + 274669 = 29*b - 6252436. Is b prime?
False
Suppose -8*f = -5*j - 3*f, 0 = j + 2*f - 12. Suppose -j*m - 5205 = -9*m. Is m composite?
True
Suppose 0 = 22*j + 657167 - 1289921 - 1225124. Is j prime?
True
Let m = -29221 + 319382. Is m a composite number?
False
Let h(c) = -c**3 - 5*c**2 - 4*c - 12. Let a be h(-4). Let x be (-1795)/(-4) + 57/a + 5. Suppose 5*f - 3*u = 1588, x = 3*f - 3*u - 505. Is f a prime number?
True
Is 14702/2 - 1 - (-1605)/(-1605) composite?
False
Suppose 42*n - 253560 = 263838. Let d = n - 3264. Is d composite?
True
Let s = -55448 - -160519. Is s a composite number?
False
Suppose -34*l + 50*l = -20*l + 7930044. Is l a composite number?
False
Suppose -269378 = -2*z + 10*y - 35*y, -404067 = -3*z + 5*y. Is z a prime number?
False
Suppose -123*y + 6632 = -115*y. Suppose 7*j - y - 8572 = 0. Is j a prime number?
False
Suppose -269 = 2*k - 267. Is 4083/k*(9 - (-168)/(-18)) a composite number?
False
Let q(s) = 29*s**2 - 9*s + 23. Suppose 9*z = 2*z. Suppose z = 3*i + 2*a - 19, -a - 12 = -3*i + 10. Is q(i) prime?
True
Let y = 14 + -9. Suppose y*d = -h + d - 12, -5*h - 5*d = 0. Suppose -7*j + 17149 = h*j. Is j composite?
False
Let b(l) = 11*l**3 - 8*l**2 + 21*l - 8. Let x be b(5). Suppose 7*h + x = 4289. Is h composite?
False
Let l(j) = 2709*j + 878. Is l(31) prime?
True
Let d(y) = 537*y**2 - 27*y + 181. Is d(11) composite?
True
Is 484361899/4619 + 4/62 composite?
True
Let m(j) be the second derivative of -11*j**5/10 - 3*j**4/4 + 11*j**3/3 + 29*j**2/2 - 35*j. Is m(-12) composite?
True
Let h(m) be the second derivative of -119*m**3/6 - 5*m**2/2 - 3*m. Let a be h(-6). Suppose 104 = -5*o + a. Is o a composite number?
True
Suppose -p - 7 = -2*p. Let s(r) = -r**3 + 7*r**2 - r + 12. Let o be s(p). Suppose -t + o + 272 = -4*x, 0 = -3*x - 9. Is t a composite number?
True
Is (-4)/(-18) + (-755438)/(-18) composite?
False
Is 10107 + (-11)/22*-22 composite?
True
Suppose -3*x + 5*r + 26 = 0, -2*x + 2*r + 12 = -0*x. Let b be (x + -1 + 3)/(16 - 14). Is 677 - (3 - (5 + (b - 4))) a prime number?
True
Suppose -4500 = -145*w + 125*w. Suppose 3*n - 5*s - 83 = -0*n, -4*n + 99 = 5*s. Suppose -w = -b + n. Is b composite?
False
Let m(x) = -x**3 + 8*x**2 - 6*x - 15. Let l be m(7). Is (7 - (-96)/l)*-853 a composite number?
True
Let y = -72 - -582. Suppose -3*l - v + 21180 = 0, 5*v + y = l - 6566. Is l a prime number?
False
Let v(i) = 8*i - 42. Let x be ((-114)/(-30) - 4) + 62/10. Let d be v(x). Is (5/(30/d))/((-2)/(-998)) composite?
False
Suppose 7*u + 6*u - 69855 - 2592298 = 0. Is u composite?
False
Let d(m) = -m**3 - 9*m**2 + m + 7. Suppose 3*v - 100 = v + 4*t, -200 = -4*v + t. Suppose -8*q + v = -13*q. Is d(q) a prime number?
True
Let l(b) = -922*b**3 + 4*b**2 + 9*b - 1. Let v be l(-2). Suppose t + 1594 = v. Is t composite?
False
Let l = 383 - 130. Suppose 4*v + l = u, 2*u - 3*v = v + 502. Suppose -z + u = -k, k = 4*k + 6. Is z a composite number?
True
Let u(o) = -o**3 - 5*o**2 - 3*o - 1. Let s be u(-4). Let r(t) = -172*t - 19. Is r(s) prime?
False
Suppose 11066229 = -17*w + 26*w. Is w prime?
True
Let t be 31/2 - ((-30)/(-4))/(-5). Let g(l) = l**3 - 18*l**2 + 16*l + 23. Let p be g(t). Suppose -p*i + 692 = -4*i. Is i a prime number?
False
Let x be -19 + 0 + 1 - (11 - 10). Let g(b) = -b**2 - 20*b - 29. Let r be g(x). Is r/(-15) - 1345/(-3) a prime number?
True
Let u be (6/(-8))/((-6)/32). Suppose -3*l + 23 = -2*l - 3*w, u*l + 2*w = 106. Suppose 307 = 27*d - l*d. Is d prime?
True
Let t(q) = 578*q**3 - 4*q**2 - 3*q + 1. Let v be t(-1). Let g = -96 - v. Is g composite?
True
Suppose 287*h + 1665287 = 300*h. Is h a composite number?
False
Let i(b) = b**2 - 1. Let g(o) = o**3 + 17*o**2 + 24*o + 29. Let x(l) = g(l) + 6*i(l). Is x(-19) composite?
True
Let t(x) = -3*x**3 + 11*x**2 - 4*x - 1. Let f be t(3). Suppose 659 = f*a - 976. Suppose a = -8*c + 3599. Is c prime?
True
Let q(i) be the first derivative of -2*i**3/3 + 11*i**2/2 + 15*i + 5. Let s be q(-6). Let w = -44 - s. Is w a composite number?
False
Is 363573/12 + -1 - -1 - (-48)/(-64) a prime number?
False
Let z = 6 - 6. Suppose z = 5*f - 2*a - a - 19110, 5*a + 19120 = 5*f. Suppose 3*b - f = -3*v, 4*b - 3698 = 5*v + 1394. Is b a prime number?
False
Let a = -53 + 58. Suppose -a*s + 107 = -6*s. Let h = 52 - s. Is h a prime number?
False
Let d be (40/20)/(2/15844). Suppose -d = -13*k + 8817. Is k a composite number?
True
Let j(h) = -3 + 46*h - 15*h**2 - 12 + 6*h**3 - 17*h - 4*h**3. Is j(11) a composite number?
F